= -42*u**3 - 57*u**2 - 42*u - 64. Let o(b) = 17*g(b) + 15*z(b). Give o(-5).
-3
Let q(r) = 35*r**3 - 90*r**3 - 37*r**2 - 52*r - 21 + 53*r**3. Determine q(-17).
-4
Let x(b) = -b**3 - 9*b**2 - 13*b + 8. Suppose -5*o + 938 = 2*f - 0*f, 2*o - 392 = -5*f. Suppose -o - 10 = 28*z. Give x(z).
1
Let q(l) = l**3 + 12*l**2 - 29*l - 7. Let y be q(-14). Let b = y + -19. Let s = -11 - b. Let v(h) = 14*h**2 - 2*h + 1. Calculate v(s).
13
Let j(h) = 1 + 14*h - 13*h + 2 - 1. Let n be j(6). Suppose 10 = -n*k - 6. Let d(u) = 3*u**2 + u. Give d(k).
10
Let y(w) = -w**2 + w + 2. Let o = 58 - 71. Let x(m) = m**2 + 22*m + 121. Let r be x(o). What is y(r)?
-10
Let r(g) = -g**3 - 5*g**2 + 6*g - 1. Let f = -31615 - -31609. Determine r(f).
-1
Let n(t) be the second derivative of -t**4/12 + 11*t**3/6 - 11*t**2 - 21*t + 15. Give n(4).
6
Let v(o) = -3*o + 10. Suppose -i + 21 + 834 = 0. Suppose -i + 846 = -t. Give v(t).
-17
Let f(x) be the third derivative of -x**4/6 - 11*x**3/6 - 1673*x**2. Determine f(-3).
1
Let f(p) = -11 + 3 + 18*p - 2*p**2 + 10*p + 17*p - 65*p. Give f(-12).
-56
Let l = -446 - -452. Let p(b) = 8 - 6 + 3*b - 12 - 5. Determine p(l).
3
Let d(w) = -7*w + 126. Let o be (72/24)/(5 + -1)*(-456)/(-18). Give d(o).
-7
Let a(t) = 4*t - 11. Let d be a(4). Suppose -25 = -5*m + d*p, 10 = 4*m - 5*p - 10. Let r(y) = -y**2 + 6*y + 2. What is r(m)?
7
Let d = 8 - 24. Let w = d - -24. Let c(x) = w - x**2 - 32*x - 25*x + 62*x. Determine c(6).
2
Let n(i) = -i**3 + 11*i**2 - 19*i + 12. Suppose 24*z = 9*z - 22*z + 333. Determine n(z).
3
Let n(g) = -16 + 6 - 115*g**2 + 116*g**2 + 6*g. Let h(q) = q + 1. Let d(m) = -h(m) - n(m). What is d(-7)?
9
Let o(r) = 4*r**3 - 38*r**2 - 16*r - 8. Let b(k) = -k**3 + 12*k**2 + 5*k + 3. Let f(v) = -7*b(v) - 2*o(v). Determine f(-7).
-33
Let s(v) = 5*v - 116. Let f be s(24). Let q(a) be the first derivative of -f + 1/3*a**3 + 2*a - a**2. Calculate q(3).
5
Let z(k) = 50*k - 44. Let a(n) = -83*n + 90. Let l(g) = 3*a(g) + 5*z(g). Give l(-23).
27
Let s(w) be the second derivative of -9*w**3/2 - 11*w**2 + 3263*w. Determine s(-1).
5
Let l(m) be the first derivative of m**4/4 - 7*m**3/3 + m**2/2 + 4*m + 508. Let d = 14 - 30. Let j = d - -22. Determine l(j).
-26
Let c(n) = -11*n. Suppose 3*a - 3*b - 18 = 0, 0 = -0*b + 4*b + 4. Suppose -3*h + 2 = a*p, 4*p + 3 = -2*h + 5*p. Give c(h).
11
Suppose -2*s + f - 44 = 3*s, 0 = 5*s - 2*f + 53. Let r(k) = 11*k + 36. Calculate r(s).
-41
Let s(w) = -w**2 + 15*w - 7. Let t(j) = j**3 + 19*j**2 - j - 5. Suppose -30*p - 233 - 337 = 0. Let q be t(p). What is s(q)?
7
Let w(i) = -i. Let x = -18 - -346. Let n = x - 328. Calculate w(n).
0
Let t(j) be the first derivative of -5*j**2 + 2*j + 17. Let h = 1080 + -1078. Calculate t(h).
-18
Suppose 5*c = -z + 34 - 10, 0 = -2*c - 3*z + 20. Let n(m) be the second derivative of m**5/20 - m**4/3 + m**3/6 + m**2 + m - 166. Determine n(c).
6
Suppose -19 + 54 = -5*j. Let l be (-3)/(2*(-2)/12). Let x(c) = -5*c + 7*c - l - 5*c. Give x(j).
12
Let a be (-8)/(-40) + (-29)/(-5). Let u(l) = 7*l**2 + 9*l + 3. Let f(y) = 8*y**2 + 10*y + 3. Let r(c) = a*u(c) - 5*f(c). Determine r(-5).
33
Let b = -7041 + 7035. Let y(p) = -12*p - 78. What is y(b)?
-6
Let l be (-5768)/(-560) - (-6)/(-20). Let q(i) = 5 + 13*i - 2*i - 10*i. Give q(l).
15
Suppose -5*q + 93 = 3*y + 15, q + 4*y = 19. Suppose 8*v + q = -1. Let x(d) = -d**3 - 2*d**2 + 2. Give x(v).
2
Let l(b) = 4*b**2 + 10*b - 6. Let j = 2111 - 2115. Give l(j).
18
Suppose 2*f + 0*g = -3*g + 42, 0 = -g + 4. Let b(o) = 25 + 23*o**3 - f - 11 - 2*o. Give b(-1).
-22
Let g(l) = -3*l - 3. Let n(t) = t + 2. Let s(a) = 3*g(a) + 5*n(a). Suppose 13*w - 9 = b + 9*w, 30 = 5*b + 5*w. Determine s(b).
-11
Let c(d) = -7*d**2 - 188 + 0*d**2 - 29*d - 7*d**2 + 13*d**2. Determine c(-20).
-8
Let p(n) = 4*n - 3. Let z(y) = -20*y + 88. Let w(h) = 3*p(h) + z(h). Calculate w(10).
-1
Let h(d) be the first derivative of -14*d + 1/2*d**2 + 116. Calculate h(7).
-7
Let r(l) = -3*l + 7. Let c = -5 - -11. Suppose -2*b = -s - c*b - 12, -2*b + 6 = 2*s. What is r(s)?
-17
Let p(w) = -2*w + 1. Let a be p(-1). Let x(n) = -2 - 9*n**a + 2*n**2 - 3*n**2 - 1 + 4. Let o = 737 - 736. Calculate x(o).
-9
Let j be (0 - (1 + 0)) + 4. Let f(p) = 27*p**2 - 10*p + 8. Let z be f(1). Suppose 0 = -8*r + j*r + z. Let l(t) = t**3 - 4*t**2 - 6*t + 7. What is l(r)?
2
Let c(l) = -l**3 + 18*l**2 - 17*l + 3. Suppose 64*v = 567 + 203 + 318. What is c(v)?
3
Suppose 2 + 25 = a - 4*m, 3*m = -24. Let u(f) = f - 9. Determine u(a).
-14
Let v(g) = -g**2 - 4*g - 6. Let f = 231 - 104. Let k = f + -131. Determine v(k).
-6
Let i be (8/(280/(-15)))/((-2)/14). Let c(j) = j + 32. Let o(w) = -w - 31. Let m(b) = i*c(b) + 2*o(b). What is m(0)?
34
Let j(z) = 5*z**2 - 19*z + 8. Let y(x) = -x**3 - 17*x**2 - 27*x - 454. Let m be y(-17). What is j(m)?
38
Let d(u) = -2*u**2 - u. Let c(k) = k + 9. Let h = -31 + 24. Let j be c(h). Suppose -2*r + 3 = -m, -3*m = -j*r - 2*r + 7. Give d(m).
-1
Suppose 0 = -4*m - 5*w - 21, 2*w = m - 7 - 4. Let l(j) = 8*j**3 + j**2 - 3*j. What is l(m)?
6
Suppose 118*k + 2248 - 6 = 0. Let f(p) = -p**2 - 22*p - 48. Give f(k).
9
Let z(i) = 64*i + 4. Let f(m) = 127*m + 9. Let r(g) = -6*f(g) + 13*z(g). Determine r(-1).
-72
Let h be (32/40)/(4/(-10)). Let a(z) = -z**2 - 10*z. Let k(j) = 40*j - 27*j**2 + 9*j**2 + 22*j**2. Let w(c) = h*k(c) - 9*a(c). What is w(-10)?
0
Let d be -4 + (-26)/(-6) + (0 - 295/(-15)). Let x(w) = -6*w + 128. What is x(d)?
8
Let p(a) = a**3 - 3*a**2 - 18*a - 4. Let f(q) = 2*q**2 - 29*q + 44. Let b be f(13). Determine p(b).
-44
Let z(u) be the third derivative of -1/24*u**4 + 2/3*u**3 + 0*u + 88*u**2 + 0. Calculate z(-6).
10
Let l(b) = 3*b - 2. Let o(n) = -18*n + 11. Let m(p) = -5*l(p) - o(p). Give m(-6).
-19
Let f(j) = j. Let v(x) = x**2 - 8*x - 17. Let c(g) = -4*f(g) - v(g). Determine c(8).
-15
Let b(d) be the first derivative of d**4/3 + d**3/3 + 35*d + 73. Let w(c) be the first derivative of b(c). Determine w(-3).
30
Let z(u) = 35*u - 2. Let i(x) = -132*x + 6. Let j(p) = 4*i(p) + 15*z(p). What is j(-6)?
12
Let l(y) = -16*y - 343. Let v = -12310 - -12289. What is l(v)?
-7
Let y(m) = 11*m**3 - 14*m**2 + 8*m + 21. Let a(k) = -13*k**3 + 15*k**2 - 10*k - 21. Let b(j) = -5*a(j) - 6*y(j). Give b(9).
-3
Let q(i) = -i**2 - 6 + 4*i**3 - 3*i**3 - 4*i + 5*i**2. Let c(j) = j**3 - 225*j**2 - 474*j + 4536. Let f be c(227). Determine q(f).
10
Suppose 11*d + 52 = 15*d. Let o(l) = -l**3 + 15*l**2 - 18*l - 2. Let m be o(d). Let s(t) = 2 - m*t - 12 + 101*t. Calculate s(7).
-17
Let f(c) = -c**3 - 4*c**2 - 2*c + 9. Let s be (-5 + -5)*(-62)/(-155). Calculate f(s).
17
Let r(c) = -31*c + 1. Let b be r(-1). Let z = b + -33. Let w be (-2)/(-5) - ((-188)/(-20) - z). Let k(a) = a**3 + 10*a**2 - a - 10. Calculate k(w).
0
Let n(y) = y**3 + y**2 + 9. Let i(m) = -2*m - 14. Let p be i(-3). Let o(v) = -v**3 - 9*v**2 - 6*v + 16. Let h be o(p). Give n(h).
9
Let o(y) be the first derivative of -y**4/4 - 10*y**3/3 - 5*y**2 - 9*y - 1. Let t be -6*-2*(-7)/(-21). Suppose 0 = 2*d - 2, t*l - 4*d - 2 = -42. Determine o(l).
0
Let c be (0 - (-8 + 6)) + (1 - 1). Let m(p) = p - 3*p + 3*p**3 + 4*p**c - 3*p**3 + p**3. Give m(-4).
8
Let w(s) be the first derivative of -7*s**2/2 - 3*s + 1. Suppose -16 = 360*x - 362*x. Let z(r) = 5*r + 2. Let n(l) = x*z(l) + 5*w(l). What is n(1)?
6
Let k(t) = -t**3 - 5*t**2 + 4*t - 6. Suppose -9*h - 56 = -13*h. Suppose h = 2*s - 4*a, 3*s - 2*a = -2*s + 51. Suppose -5 = -u - s. What is k(u)?
6
Suppose 129 = 138*f - 285. Let t(v) = -2*v**2 - 4*v. Give t(f).
-30
Let h = 35 - 19. Suppose -7927*o = -7934*o + 112. Let f(m) = 1 + h*m - o*m - 4*m**2. What is f(-1)?
-3
Let v be ((-5)/(-200)*12)/(6/30). Let o(l) be the first derivative of -8 - 2*l + v*l**2. Determine o(-4).
-14
Let o(l) be the first derivative of l**3/6 - 5*l**2/2 - 49*l + 13. Let i(s) be the first derivative of o(s). Determine i(-6).
-11
Let s(h) = -h**3 + 6*h**2 - 5. Let b(a) be the second derivative of -a**5/5 + a**4/6 + 2*a**3/3 + 3*a**2/2 - 59*a. Let d be b(-1). Calculate s(d).
20
Let m = -54 + 46. Let q = -7 - m. Let b be -1*q/1 - -4 - -3. Let w(n) = n**3 - 5*n**2 - 7*n - 2. Give w(b).
-8
Suppose j = -h + 7 + 1, -28 = -3*h - 4*j. Suppose k - h = 0, m + 2*k - 15 = -1. Let a(r) = -r**2 + 6*r. Determine a(m).
0
Let f(m) = 7*m + 11*m - 15*m + 3 + 5*m**2. L